k) = k + 7. Let a(p) = 14*p - 5. Let w be a(3). Suppose 34*g + 84 = w*g. Suppose 3*o - 5*u = -0*o + g, 0 = 2*o - 2*u - 16. What is t(o)?
13
Let u(b) = 5*b**2 + 55*b + 53. Let z be u(-10). Let x(f) = -16*f + 49. What is x(z)?
1
Let c(q) = 51*q**2 - 716*q + 32. Let r be c(14). Let v(z) be the second derivative of -z - 3/2*z**2 + 1/3*z**3 + 0. Determine v(r).
5
Let v(f) = 3*f**3 - 4*f**2 - 4*f - 7. Let c(d) = 4*d**3 - 3*d**2 - 4*d - 7. Let a(m) = -4*c(m) + 5*v(m). Give a(-8).
25
Let v(h) = -h**2 + h - 2. Suppose -141*z - 276 = -1263. Determine v(z).
-44
Let o = 7 + -4. Let d(l) = l + 2. Let c(k) = -7*k - 3. Let z be (2/(-3))/(80/(-120)). Let t(u) = z*c(u) + 3*d(u). Give t(o).
-9
Let v(y) be the third derivative of -37*y**6/40 - y**5/30 - y**4/12 - y**3/6 - 3150*y**2. Determine v(-1).
110
Let s be -1 - -1 - 0 - 2. Let d be s/3 + (-160)/(-24). Let j(c) = 11*c - 43*c + 13*c + c**2 + 1 + 16*c. What is j(d)?
19
Let a(r) = 7*r**2 + 20*r - 4. Let k(v) = 20*v**2 + 57*v - 12. Let n(l) = -17*a(l) + 6*k(l). Let y = 28 + -32. Give n(y).
4
Let d = -2702 - -2686. Let t(r) = 2*r**3 + 32*r**2 + r + 8. Give t(d).
-8
Let x(y) be the third derivative of 1/30*y**5 + 2/3*y**3 - 1/8*y**4 - 1 - 125*y**2 + 0*y + 1/60*y**6. Give x(-3).
-23
Let b = 27 - 22. Suppose -16 = -b*r + 2*q, -4*r - 7 = -6*r + q. Suppose -s - 2 = -4*g + 5, 5 = r*g + s. Let d(f) = -9*f + 1. Give d(g).
-17
Let h(z) = z**2 + z**2 + 5 - 5*z**2 - 8*z. Let w(s) = -5*s**2 - 16*s + 9. Suppose -44 = 10*b + 26. Let n(q) = b*h(q) + 4*w(q). Determine n(8).
1
Let f = -10 - -19. Suppose 5*q = -0*q + 2*z - 30, 0 = -4*q - 5*z + f. Let a(p) = 13 + 3*p - p + 0*p - 3*p - 15. Determine a(q).
2
Let d(f) = 14 - f**2 - 33 - 3*f + 8 + 15. Let w(a) = 2*a + 41. Let o be w(-22). Determine d(o).
4
Let l(q) = -5*q**2 + q + 1. Let f = 9712 - 9713. Calculate l(f).
-5
Let a(h) = -4*h - 33. Let p = -8423 - -8418. Give a(p).
-13
Let t(m) be the third derivative of m**7/2520 - m**6/720 - m**5/40 - 19*m**4/8 - 61*m**2. Let s(b) be the second derivative of t(b). Determine s(5).
17
Let y(o) = o**2 - 3*o + 4. Suppose 5*v = -15, 0*v = 3*b - 5*v - 27. Suppose 2*k = -4*l + 6, -l - b*l - 3 = -k. Determine y(k).
4
Let y(z) = z**3 - 3*z**2 - 3*z + 8. Let m be y(3). Let b(a) = 28*a**2 + 2*a + 2. Determine b(m).
28
Let x(b) = -3*b - 12*b - 16*b. Suppose 0 = 8*y + 46 - 38. Determine x(y).
31
Suppose 4*v - 2*w = 16, -70*w + 2 = -2*v - 74*w. Let g(q) be the second derivative of -1/3*q**4 - 1/2*q**2 - 1/20*q**5 + 5/6*q**v + 0 + 15*q. What is g(-5)?
-1
Let x(z) be the first derivative of z**5/20 - z**4/3 - 5*z**3/6 + 5*z**2/2 + 40*z + 128. Let u(l) be the first derivative of x(l). What is u(5)?
5
Let s(c) = -1 + 0 + c**3 + 4*c - 2*c. Let j be s(1). Let p be (6/(-12))/(j/(-4)). Let l(o) = -2*o**3 - 2*o**2 + 1. What is l(p)?
-3
Suppose -70 = 3*t + 5*a + 42, 3*t = 2*a - 98. Let y = -43 - t. Let w be -2*y/(-6) - 4. Let m(g) = -g - 17. Calculate m(w).
-10
Let k(s) = s**3 + 3*s**2 + 0*s - s**2 - s + 6 + 3*s. Let c be k(-3). Let g(t) = t**2 + 9*t + 9. Give g(c).
9
Let w(m) be the second derivative of -m**5/20 + m**4/3 + 5*m**3/6 + 8*m**2 - 3536*m. Determine w(6).
-26
Suppose -5*n + u + 2*u - 2 = 0, -4*n = 2*u - 16. Let h(i) = 0 + 5 + 4*i - 8 - i**n + 6. Calculate h(4).
3
Let i = -4647 + 4661. Let b(p) = p**3 - 16*p**2 + 23*p + 65. Give b(i).
-5
Let j(t) = 19*t**3 - 31*t**2 - 15*t - 3. Let o(u) = 54*u**3 - 89*u**2 - 42*u - 10. Let p(x) = 17*j(x) - 6*o(x). Determine p(7).
-12
Let d(x) be the first derivative of x**5/120 - x**4/12 + 16*x**3/3 + 51. Let h(o) be the third derivative of d(o). Calculate h(3).
1
Let w be -4*(10/8 + -1). Suppose -181 - 161 = -6*d. Let k(o) = -43*o + 87*o - d*o. What is k(w)?
13
Let c(r) be the third derivative of -2*r**5/15 - 23*r**4/12 - r**3 - 7*r**2 - 4*r - 42. Give c(-5).
24
Let c(z) = 2*z**3 - 2*z**2 - 9*z - 7. Let m = 5995 - 5996. Give c(m).
-2
Let c(t) = -3*t**3 + 10*t**2 + 6*t + 5. Suppose -2*z = -0*z + 4*n - 32, -5*n = -3*z - 18. Calculate c(z).
-3
Let u(j) = -j**2 - 9*j - 6. Let q(v) = 1. Let i(p) = 2*p**2 + 0 - 4 - p**2 + 9*p - 3*p. Let o(m) = i(m) - 3*q(m). Let g be o(-6). Give u(g).
8
Let q = 15 - 9. Let t(k) = 814*k**3 - 813*k**3 - 5*k - 6 - 2*k + 11 - 5*k**2. Calculate t(q).
-1
Let q be (-1016)/34 + -2 + 128/68. Let o = q + 108. Suppose 0*u = -13*u + o. Let d(g) = -g**3 + 6*g**2 - 2*g. Determine d(u).
-12
Suppose 0*f + 10 = f. Let n be (16/(-10))/(2/f) - -3. Let g be 50/n - (-4)/((-8)/(-6)). Let p(k) = k**2 + 7*k - 8. Calculate p(g).
-8
Let y(z) = -18*z**3 + 1. Suppose -5*q + q + 18 = -2*n, -q + 15 = 3*n. Let j be q - (24/(-8) - -10). Calculate y(j).
19
Let y(t) = t**3 + t**2 - 2*t + 1. Let x be (-2)/(-11) - (3 + 31/(-11)). Suppose -4*k - 5 = -9*k, x = l - 3*k - 2. Suppose l*p = 7*p - 4. What is y(p)?
9
Let a(r) = -3*r**2 + 177*r + 18. Let z(h) = h**2 - 80*h - 1. Let j(c) = a(c) + 2*z(c). What is j(-1)?
-2
Let v(w) = 5*w - 32. Let x be v(8). Suppose -x*o - 3 = -27. Let c(i) = 2*i**2 - 3*i - 1. Determine c(o).
8
Let z be 0 + -2 - (-25)/5. Let o(w) = 26*w**2 - 32*w**2 - 5*w**3 + 2 + 6*w**z - w. Calculate o(6).
-4
Let b(o) = 3 - 5 + 5*o**2 - 1 - o**3 + 9*o - 3. Suppose -k = 5*k + 2136. Let f = -350 - k. Determine b(f).
12
Let r(p) = -p**3 - 4*p**2 + 4*p. Let u be r(-5). Let b(o) = 6*o**2 + 20*o + 1. Let k(f) = 5*f**2 + 16*f. Let m(c) = u*k(c) - 4*b(c). Determine m(-3).
5
Let p(y) = -100*y**2 + y - 2. Suppose -4*g = -5*m - 11, 5*m - 1 - 12 = -2*g. What is p(m)?
-101
Let o be (125/(-50))/(45/108). Let a be (20/(-6))/(4/(-6)). Let i(v) = -v + v**2 + a*v + 2 - 10. Determine i(o).
4
Let d(b) = -b**3 + b**2 - 2*b. Suppose 0*s = -y + 3*s + 20, -3*y = 3*s. Suppose -4*u - 3*t = 4, 7*t + 14 = 3*u + y*t. Calculate d(u).
-8
Let m(u) = u**2 - 17*u + 54. Let t(f) = -f + 2. Let y(g) = -m(g) - 6*t(g). What is y(19)?
10
Let w(t) = -539 + 539 + 2*t. Calculate w(-4).
-8
Let d be ((-54)/(-30))/(2/(17 - -3)). Let u(i) = -i**3 + 19*i**2 - 19*i + 25. Let f be u(d). Let j(m) = m**3 - 6*m**2 - 6*m - 6. Determine j(f).
1
Let q = -126 - -129. Let a(l) = -17*l + 31*l - 1 + l**q + 4*l**2 + 0*l**2 - 13*l. Give a(-2).
5
Suppose f + 21 - 2 = 5*x, 2*x = -2*f - 2. Let v(j) be the first derivative of -j**4/4 + j**3 - j**2/2 + 4*j - 150. Give v(x).
1
Let o(s) = -20*s**2 + 13*s - 5. Let x(j) = -37*j**2 + 20*j - 9. Let a(q) = -11*o(q) + 6*x(q). What is a(-12)?
-11
Suppose -i - 3 = -5. Suppose -i*j + 3*j - 4 = 0. Let d(y) = -10 + y - 14 - 2*y + 41 - 15. Calculate d(j).
-2
Let b(m) be the third derivative of m - 1/120*m**6 + 0 + 1/12*m**4 + 1/30*m**5 - 1/6*m**3 - 7*m**2. Determine b(4).
-25
Let r(v) = -v - 21. Let k(p) = 2*p**3 - p**2 - 21*p + 21. Let a(m) = -4*m**3 - m**2 + 42*m - 43. Let g(x) = 2*a(x) + 5*k(x). Let u be g(5). Determine r(u).
-10
Suppose 0 = 28*x + 58 + 110. Let r be -5*(-25)/(-10)*x/(-75). Let d(y) = 15*y**2 + 2*y + 1. Give d(r).
14
Let k be (-18)/(-22) + 6/33. Suppose 5*f + k = 26. Suppose -5*n - b + 15 = -n, 15 = f*n + 2*b. Let u(y) = y**2 - 3*y + 1. Determine u(n).
11
Let b be (-69 - (-2 + -1)) + 0. Let k = 66 + b. Suppose -5*m = -k*m. Let u(r) = -r + 10. Calculate u(m).
10
Let t = -162 - -166. Let j be t/(-22) - 79/(-11). Let a(h) = -h + 3. Calculate a(j).
-4
Let a(v) = -v**3 - 17*v**2 - 3*v - 51. Suppose -4*n - n - 97 = 4*k, -3*n - 2*k - 57 = 0. Let p be a(n). Let r(u) = -2 + 6 + 0*u - 3 + u. Give r(p).
1
Let p(x) = x**3 + 10*x**2 + 8. Let k(r) = -r**2 - 17*r + 50. Suppose -a = -4*h - 123 + 42, -5*h + 4*a - 104 = 0. Let u be k(h). Give p(u).
8
Let z(i) = i**3 + 6*i**2 - i + 6. Suppose 0 = -o - 2*c - 378, 2*o - 3*c - 232 = -1016. Let q = o + 379. What is z(q)?
-36
Suppose -270 = -18*a - 36*a. Suppose -p + 25 = -0*z - 2*z, -2*p = 3*z - 15. Suppose -y + a*h + 18 = h, 3*h + p = 0. Let w(i) = -4*i**2 + i + 1. Calculate w(y).
-17
Let z = -277 - -285. Let f(w) be the second derivative of 0*w**2 + 0 - z*w + 5/6*w**3. What is f(3)?
15
Let b(u) = 65*u - u**2 + 72*u - 129*u - 3. Let k = -11 + 11. Let n be (k - 0)/4 - -6. Determine b(n).
9
Let f(g) = 555*g - 4. Let a(p) = -741*p + 5. Let n(x) = -3*a(x) - 4*f(x). Suppose 0 = l - 1 - 3. Calculate n(l).
13
Let w(a) be the second derivative of a**4/6 + a**3 - 12*a**2 - 9540*a. What is w(-7)?
32
Let q(u) = -3001*u**2 - u**3 + 3002*u**2 - 2*u + 4 + 0*u**3. What is q(2)?
-4
Let v = 9245 + -9243. Let